{"id":64,"date":"2022-08-22T22:51:19","date_gmt":"2022-08-22T19:51:19","guid":{"rendered":"https:\/\/www.artalli.fi\/artalli\/?page_id=64"},"modified":"2022-09-09T14:41:27","modified_gmt":"2022-09-09T11:41:27","slug":"tarjouspyynto","status":"publish","type":"page","link":"https:\/\/www.artalli.fi\/artalli\/tarjouspyynto\/","title":{"rendered":"Tarjouspyynt\u00f6"},"content":{"rendered":"<h2><\/h2>\n<p class=\"Standard\"><span style=\"color: black;\">Asiakastilaisuudet, kokous-, tyhy-, tiimip\u00e4iv\u00e4t ja kickoff ym. yritystilaisuudet.\u00a0<\/span><span style=\"color: black;\">H\u00e4\u00e4juhlat, r<\/span><span style=\"color: black;\">apujuhlat, pikkujoulut, kes\u00e4juhlat.\u00a0<\/span><span style=\"color: black;\">Kalastusretket ja veneilyretket.\u00a0 <\/span><span style=\"color: black;\">Polttarit ja kaveriporukat.<\/span><\/p>\n<h2><strong>Tarjouspyynt\u00f6\/viesti<\/strong><\/h2>\n\n<div class=\"wpcf7 no-js\" id=\"wpcf7-f6-o1\" lang=\"en\" dir=\"ltr\" data-wpcf7-id=\"6\">\n<div class=\"screen-reader-response\"><p role=\"status\" aria-live=\"polite\" aria-atomic=\"true\"><\/p> <ul><\/ul><\/div>\n<form action=\"\/artalli\/wp-json\/wp\/v2\/pages\/64#wpcf7-f6-o1\" method=\"post\" class=\"wpcf7-form init\" aria-label=\"Contact form\" novalidate=\"novalidate\" data-status=\"init\">\n<fieldset class=\"hidden-fields-container\"><input type=\"hidden\" name=\"_wpcf7\" value=\"6\" \/><input type=\"hidden\" name=\"_wpcf7_version\" value=\"6.1.5\" \/><input type=\"hidden\" name=\"_wpcf7_locale\" value=\"en\" \/><input type=\"hidden\" name=\"_wpcf7_unit_tag\" value=\"wpcf7-f6-o1\" \/><input type=\"hidden\" name=\"_wpcf7_container_post\" value=\"0\" \/><input type=\"hidden\" name=\"_wpcf7_posted_data_hash\" value=\"\" \/>\n<\/fieldset>\n<p>Nimi (pakollinen)\n<\/p>\n<p><span class=\"wpcf7-form-control-wrap\" data-name=\"text-113\"><input size=\"40\" maxlength=\"400\" class=\"wpcf7-form-control wpcf7-text wpcf7-validates-as-required\" aria-required=\"true\" aria-invalid=\"false\" value=\"\" type=\"text\" name=\"text-113\" \/><\/span>\n<\/p>\n<p>S\u00e4hk\u00f6postiosoite (pakollinen)\n<\/p>\n<p><span class=\"wpcf7-form-control-wrap\" data-name=\"email-692\"><input size=\"40\" maxlength=\"400\" class=\"wpcf7-form-control wpcf7-email wpcf7-validates-as-required wpcf7-text wpcf7-validates-as-email\" aria-required=\"true\" aria-invalid=\"false\" value=\"\" type=\"email\" name=\"email-692\" \/><\/span>\n<\/p>\n<p>Puhelinnumero\n<\/p>\n<p><span class=\"wpcf7-form-control-wrap\" data-name=\"tel-972\"><input size=\"40\" maxlength=\"400\" class=\"wpcf7-form-control wpcf7-tel wpcf7-text wpcf7-validates-as-tel\" aria-invalid=\"false\" value=\"\" type=\"tel\" name=\"tel-972\" \/><\/span>\n<\/p>\n<p>Vastaus\n<\/p>\n<p><span class=\"wpcf7-form-control-wrap\" data-name=\"radio-761\"><span class=\"wpcf7-form-control wpcf7-radio\"><span class=\"wpcf7-list-item first\"><label><input type=\"radio\" name=\"radio-761\" value=\"S\u00e4hk\u00f6postitse\" checked=\"checked\" \/><span class=\"wpcf7-list-item-label\">S\u00e4hk\u00f6postitse<\/span><\/label><\/span><span class=\"wpcf7-list-item last\"><label><input type=\"radio\" name=\"radio-761\" value=\"Puhelimitse\" \/><span class=\"wpcf7-list-item-label\">Puhelimitse<\/span><\/label><\/span><\/span><\/span>\n<\/p>\n<p>Aihe\n<\/p>\n<p><span class=\"wpcf7-form-control-wrap\" data-name=\"text-800\"><input size=\"40\" maxlength=\"400\" class=\"wpcf7-form-control wpcf7-text\" aria-invalid=\"false\" value=\"\" type=\"text\" name=\"text-800\" \/><\/span>\n<\/p>\n<p>Viesti\n<\/p>\n<p><span class=\"wpcf7-form-control-wrap\" data-name=\"textarea-677\"><textarea cols=\"40\" rows=\"10\" maxlength=\"2000\" class=\"wpcf7-form-control wpcf7-textarea\" aria-invalid=\"false\" name=\"textarea-677\"><\/textarea><\/span>\n<\/p>\n<p><input class=\"wpcf7-form-control wpcf7-submit has-spinner\" type=\"submit\" value=\"L\u00e4het\u00e4\" \/>\n<\/p><div class=\"wpcf7-response-output\" aria-hidden=\"true\"><\/div>\n<\/form>\n<\/div>\n\n<p><a href=\"https:\/\/artalli.fi\/\" target=\"_blank\" rel=\"noopener\">Takaisin etusivulle<\/a><\/p>\n","protected":false},"excerpt":{"rendered":"<p>Asiakastilaisuudet, kokous-, tyhy-, tiimip\u00e4iv\u00e4t ja kickoff ym. yritystilaisuudet.\u00a0H\u00e4\u00e4juhlat, rapujuhlat, pikkujoulut, kes\u00e4juhlat.\u00a0Kalastusretket ja veneilyretket.\u00a0 Polttarit ja kaveriporukat. Tarjouspyynt\u00f6\/viesti Takaisin etusivulle<\/p>\n","protected":false},"author":1,"featured_media":55,"parent":0,"menu_order":0,"comment_status":"closed","ping_status":"closed","template":"page-templates\/full-width.php","meta":{"_crdt_document":"","footnotes":""},"class_list":["post-64","page","type-page","status-publish","has-post-thumbnail","hentry"],"yoast_head":"<!-- This site is optimized with the Yoast SEO plugin v27.4 - https:\/\/yoast.com\/product\/yoast-seo-wordpress\/ -->\n<title>Tarjouspyynt\u00f6 - Artalli<\/title>\n<meta name=\"robots\" content=\"index, follow, max-snippet:-1, max-image-preview:large, max-video-preview:-1\" \/>\n<link rel=\"canonical\" href=\"https:\/\/www.artalli.fi\/artalli\/tarjouspyynto\/\" \/>\n<meta property=\"og:locale\" content=\"en_US\" \/>\n<meta property=\"og:type\" content=\"article\" \/>\n<meta property=\"og:title\" content=\"Tarjouspyynt\u00f6 - Artalli\" \/>\n<meta property=\"og:description\" content=\"Asiakastilaisuudet, kokous-, tyhy-, tiimip\u00e4iv\u00e4t ja kickoff ym. yritystilaisuudet.\u00a0H\u00e4\u00e4juhlat, rapujuhlat, pikkujoulut, kes\u00e4juhlat.\u00a0Kalastusretket ja veneilyretket.\u00a0 Polttarit ja kaveriporukat. Tarjouspyynt\u00f6\/viesti Takaisin etusivulle\" \/>\n<meta property=\"og:url\" content=\"https:\/\/www.artalli.fi\/artalli\/tarjouspyynto\/\" \/>\n<meta property=\"og:site_name\" content=\"Artalli\" \/>\n<meta property=\"article:publisher\" content=\"https:\/\/www.facebook.com\/artalli.fi\" \/>\n<meta property=\"article:modified_time\" content=\"2022-09-09T11:41:27+00:00\" \/>\n<meta property=\"og:image\" content=\"https:\/\/www.artalli.fi\/artalli\/wp-content\/uploads\/2022\/08\/vapaaherranelamaa_com_7.jpg\" \/>\n\t<meta property=\"og:image:width\" content=\"1111\" \/>\n\t<meta property=\"og:image:height\" content=\"226\" \/>\n\t<meta property=\"og:image:type\" content=\"image\/jpeg\" \/>\n<meta name=\"twitter:card\" content=\"summary_large_image\" \/>\n<meta name=\"twitter:label1\" content=\"Est. reading time\" \/>\n\t<meta name=\"twitter:data1\" content=\"1 minute\" \/>\n<script type=\"application\/ld+json\" class=\"yoast-schema-graph\">{\"@context\":\"https:\\\/\\\/schema.org\",\"@graph\":[{\"@type\":\"WebPage\",\"@id\":\"https:\\\/\\\/www.artalli.fi\\\/artalli\\\/tarjouspyynto\\\/\",\"url\":\"https:\\\/\\\/www.artalli.fi\\\/artalli\\\/tarjouspyynto\\\/\",\"name\":\"Tarjouspyynt\u00f6 - Artalli\",\"isPartOf\":{\"@id\":\"https:\\\/\\\/www.artalli.fi\\\/artalli\\\/#website\"},\"primaryImageOfPage\":{\"@id\":\"https:\\\/\\\/www.artalli.fi\\\/artalli\\\/tarjouspyynto\\\/#primaryimage\"},\"image\":{\"@id\":\"https:\\\/\\\/www.artalli.fi\\\/artalli\\\/tarjouspyynto\\\/#primaryimage\"},\"thumbnailUrl\":\"https:\\\/\\\/www.artalli.fi\\\/artalli\\\/wp-content\\\/uploads\\\/2022\\\/08\\\/vapaaherranelamaa_com_7.jpg\",\"datePublished\":\"2022-08-22T19:51:19+00:00\",\"dateModified\":\"2022-09-09T11:41:27+00:00\",\"breadcrumb\":{\"@id\":\"https:\\\/\\\/www.artalli.fi\\\/artalli\\\/tarjouspyynto\\\/#breadcrumb\"},\"inLanguage\":\"en-US\",\"potentialAction\":[{\"@type\":\"ReadAction\",\"target\":[\"https:\\\/\\\/www.artalli.fi\\\/artalli\\\/tarjouspyynto\\\/\"]}]},{\"@type\":\"ImageObject\",\"inLanguage\":\"en-US\",\"@id\":\"https:\\\/\\\/www.artalli.fi\\\/artalli\\\/tarjouspyynto\\\/#primaryimage\",\"url\":\"https:\\\/\\\/www.artalli.fi\\\/artalli\\\/wp-content\\\/uploads\\\/2022\\\/08\\\/vapaaherranelamaa_com_7.jpg\",\"contentUrl\":\"https:\\\/\\\/www.artalli.fi\\\/artalli\\\/wp-content\\\/uploads\\\/2022\\\/08\\\/vapaaherranelamaa_com_7.jpg\",\"width\":1111,\"height\":226},{\"@type\":\"BreadcrumbList\",\"@id\":\"https:\\\/\\\/www.artalli.fi\\\/artalli\\\/tarjouspyynto\\\/#breadcrumb\",\"itemListElement\":[{\"@type\":\"ListItem\",\"position\":1,\"name\":\"Home\",\"item\":\"https:\\\/\\\/www.artalli.fi\\\/artalli\\\/\"},{\"@type\":\"ListItem\",\"position\":2,\"name\":\"Tarjouspyynt\u00f6\"}]},{\"@type\":\"WebSite\",\"@id\":\"https:\\\/\\\/www.artalli.fi\\\/artalli\\\/#website\",\"url\":\"https:\\\/\\\/www.artalli.fi\\\/artalli\\\/\",\"name\":\"Artalli\",\"description\":\"Huikeat puiteet kokousp\u00e4iville ja muille yritystapahtumille!\",\"publisher\":{\"@id\":\"https:\\\/\\\/www.artalli.fi\\\/artalli\\\/#organization\"},\"potentialAction\":[{\"@type\":\"SearchAction\",\"target\":{\"@type\":\"EntryPoint\",\"urlTemplate\":\"https:\\\/\\\/www.artalli.fi\\\/artalli\\\/?s={search_term_string}\"},\"query-input\":{\"@type\":\"PropertyValueSpecification\",\"valueRequired\":true,\"valueName\":\"search_term_string\"}}],\"inLanguage\":\"en-US\"},{\"@type\":\"Organization\",\"@id\":\"https:\\\/\\\/www.artalli.fi\\\/artalli\\\/#organization\",\"name\":\"Artalli\",\"url\":\"https:\\\/\\\/www.artalli.fi\\\/artalli\\\/\",\"logo\":{\"@type\":\"ImageObject\",\"inLanguage\":\"en-US\",\"@id\":\"https:\\\/\\\/www.artalli.fi\\\/artalli\\\/#\\\/schema\\\/logo\\\/image\\\/\",\"url\":\"https:\\\/\\\/www.artalli.fi\\\/artalli\\\/wp-content\\\/uploads\\\/2022\\\/09\\\/Artalli_logo.png\",\"contentUrl\":\"https:\\\/\\\/www.artalli.fi\\\/artalli\\\/wp-content\\\/uploads\\\/2022\\\/09\\\/Artalli_logo.png\",\"width\":135,\"height\":55,\"caption\":\"Artalli\"},\"image\":{\"@id\":\"https:\\\/\\\/www.artalli.fi\\\/artalli\\\/#\\\/schema\\\/logo\\\/image\\\/\"},\"sameAs\":[\"https:\\\/\\\/www.facebook.com\\\/artalli.fi\"]}]}<\/script>\n<!-- \/ Yoast SEO plugin. -->","yoast_head_json":{"title":"Tarjouspyynt\u00f6 - Artalli","robots":{"index":"index","follow":"follow","max-snippet":"max-snippet:-1","max-image-preview":"max-image-preview:large","max-video-preview":"max-video-preview:-1"},"canonical":"https:\/\/www.artalli.fi\/artalli\/tarjouspyynto\/","og_locale":"en_US","og_type":"article","og_title":"Tarjouspyynt\u00f6 - Artalli","og_description":"Asiakastilaisuudet, kokous-, tyhy-, tiimip\u00e4iv\u00e4t ja kickoff ym. yritystilaisuudet.\u00a0H\u00e4\u00e4juhlat, rapujuhlat, pikkujoulut, kes\u00e4juhlat.\u00a0Kalastusretket ja veneilyretket.\u00a0 Polttarit ja kaveriporukat. Tarjouspyynt\u00f6\/viesti Takaisin etusivulle","og_url":"https:\/\/www.artalli.fi\/artalli\/tarjouspyynto\/","og_site_name":"Artalli","article_publisher":"https:\/\/www.facebook.com\/artalli.fi","article_modified_time":"2022-09-09T11:41:27+00:00","og_image":[{"width":1111,"height":226,"url":"https:\/\/www.artalli.fi\/artalli\/wp-content\/uploads\/2022\/08\/vapaaherranelamaa_com_7.jpg","type":"image\/jpeg"}],"twitter_card":"summary_large_image","twitter_misc":{"Est. reading time":"1 minute"},"schema":{"@context":"https:\/\/schema.org","@graph":[{"@type":"WebPage","@id":"https:\/\/www.artalli.fi\/artalli\/tarjouspyynto\/","url":"https:\/\/www.artalli.fi\/artalli\/tarjouspyynto\/","name":"Tarjouspyynt\u00f6 - Artalli","isPartOf":{"@id":"https:\/\/www.artalli.fi\/artalli\/#website"},"primaryImageOfPage":{"@id":"https:\/\/www.artalli.fi\/artalli\/tarjouspyynto\/#primaryimage"},"image":{"@id":"https:\/\/www.artalli.fi\/artalli\/tarjouspyynto\/#primaryimage"},"thumbnailUrl":"https:\/\/www.artalli.fi\/artalli\/wp-content\/uploads\/2022\/08\/vapaaherranelamaa_com_7.jpg","datePublished":"2022-08-22T19:51:19+00:00","dateModified":"2022-09-09T11:41:27+00:00","breadcrumb":{"@id":"https:\/\/www.artalli.fi\/artalli\/tarjouspyynto\/#breadcrumb"},"inLanguage":"en-US","potentialAction":[{"@type":"ReadAction","target":["https:\/\/www.artalli.fi\/artalli\/tarjouspyynto\/"]}]},{"@type":"ImageObject","inLanguage":"en-US","@id":"https:\/\/www.artalli.fi\/artalli\/tarjouspyynto\/#primaryimage","url":"https:\/\/www.artalli.fi\/artalli\/wp-content\/uploads\/2022\/08\/vapaaherranelamaa_com_7.jpg","contentUrl":"https:\/\/www.artalli.fi\/artalli\/wp-content\/uploads\/2022\/08\/vapaaherranelamaa_com_7.jpg","width":1111,"height":226},{"@type":"BreadcrumbList","@id":"https:\/\/www.artalli.fi\/artalli\/tarjouspyynto\/#breadcrumb","itemListElement":[{"@type":"ListItem","position":1,"name":"Home","item":"https:\/\/www.artalli.fi\/artalli\/"},{"@type":"ListItem","position":2,"name":"Tarjouspyynt\u00f6"}]},{"@type":"WebSite","@id":"https:\/\/www.artalli.fi\/artalli\/#website","url":"https:\/\/www.artalli.fi\/artalli\/","name":"Artalli","description":"Huikeat puiteet kokousp\u00e4iville ja muille yritystapahtumille!","publisher":{"@id":"https:\/\/www.artalli.fi\/artalli\/#organization"},"potentialAction":[{"@type":"SearchAction","target":{"@type":"EntryPoint","urlTemplate":"https:\/\/www.artalli.fi\/artalli\/?s={search_term_string}"},"query-input":{"@type":"PropertyValueSpecification","valueRequired":true,"valueName":"search_term_string"}}],"inLanguage":"en-US"},{"@type":"Organization","@id":"https:\/\/www.artalli.fi\/artalli\/#organization","name":"Artalli","url":"https:\/\/www.artalli.fi\/artalli\/","logo":{"@type":"ImageObject","inLanguage":"en-US","@id":"https:\/\/www.artalli.fi\/artalli\/#\/schema\/logo\/image\/","url":"https:\/\/www.artalli.fi\/artalli\/wp-content\/uploads\/2022\/09\/Artalli_logo.png","contentUrl":"https:\/\/www.artalli.fi\/artalli\/wp-content\/uploads\/2022\/09\/Artalli_logo.png","width":135,"height":55,"caption":"Artalli"},"image":{"@id":"https:\/\/www.artalli.fi\/artalli\/#\/schema\/logo\/image\/"},"sameAs":["https:\/\/www.facebook.com\/artalli.fi"]}]}},"_links":{"self":[{"href":"https:\/\/www.artalli.fi\/artalli\/wp-json\/wp\/v2\/pages\/64","targetHints":{"allow":["GET"]}}],"collection":[{"href":"https:\/\/www.artalli.fi\/artalli\/wp-json\/wp\/v2\/pages"}],"about":[{"href":"https:\/\/www.artalli.fi\/artalli\/wp-json\/wp\/v2\/types\/page"}],"author":[{"embeddable":true,"href":"https:\/\/www.artalli.fi\/artalli\/wp-json\/wp\/v2\/users\/1"}],"replies":[{"embeddable":true,"href":"https:\/\/www.artalli.fi\/artalli\/wp-json\/wp\/v2\/comments?post=64"}],"version-history":[{"count":5,"href":"https:\/\/www.artalli.fi\/artalli\/wp-json\/wp\/v2\/pages\/64\/revisions"}],"predecessor-version":[{"id":208,"href":"https:\/\/www.artalli.fi\/artalli\/wp-json\/wp\/v2\/pages\/64\/revisions\/208"}],"wp:featuredmedia":[{"embeddable":true,"href":"https:\/\/www.artalli.fi\/artalli\/wp-json\/wp\/v2\/media\/55"}],"wp:attachment":[{"href":"https:\/\/www.artalli.fi\/artalli\/wp-json\/wp\/v2\/media?parent=64"}],"curies":[{"name":"wp","href":"https:\/\/api.w.org\/{rel}","templated":true}]}}