{"id":231,"date":"2022-09-21T15:52:56","date_gmt":"2022-09-21T12:52:56","guid":{"rendered":"https:\/\/www.artalli.fi\/artalli\/?page_id=231"},"modified":"2022-09-21T15:53:50","modified_gmt":"2022-09-21T12:53:50","slug":"maksu-ja-peruutusehdot-yrityksille-ja-yhteisoille","status":"publish","type":"page","link":"https:\/\/www.artalli.fi\/artalli\/maksu-ja-peruutusehdot-yrityksille-ja-yhteisoille\/","title":{"rendered":"Maksu- ja peruutusehdot yrityksille ja yhteis\u00f6ille"},"content":{"rendered":"<h2><\/h2>\n<h2><strong>Maksu- ja peruutusehdot yrityksille ja yhteis\u00f6ille<\/strong><\/h2>\n<p>Tarjouksen kokonaishinta sis\u00e4lt\u00e4\u00e4 ennalta sovitut tilat, tarjoilut, ruokailut, ohjelman mukaiset aktiviteetit ja muut mahdolliset palvelut, ilmoitetulle henkil\u00f6 m\u00e4\u00e4r\u00e4lle laskettuna. Tarjous katsotaan hyv\u00e4ksytyksi, kun asiakas t\u00e4m\u00e4n s\u00e4hk\u00f6postitse meille vahvistaa.<\/p>\n<p>Lopullinen osallistujam\u00e4\u00e4r\u00e4 tulee ilmoittaa viimeist\u00e4\u00e4n 14 vuorokautta ennen tilaisuutta. Mik\u00e4li n\u00e4m\u00e4 vahvistetut palvelut muuttavat tarjouksen loppusummaa yli + \/ &#8211; 15 % , niin pid\u00e4t\u00e4mme oikeuden uuden tarjouksen laatimiseen t\u00e4m\u00e4n pohjalta.<\/p>\n<p>14 vuorokautta ennen tilaisuutta tehdyn vahvistuksen j\u00e4lkeen teht\u00e4v\u00e4t muutokset laskutetaan seuraavasti:<\/p>\n<div class=\"su-list\" style=\"margin-left:0px\">\n<ul>\n<li><i class=\"sui sui-star\" style=\"color:#3399ff\"><\/i> \n<h6>Henkil\u00f6m\u00e4\u00e4r\u00e4perusteinen laskutus perustuu v\u00e4hint\u00e4\u00e4n 14 vuorokautta ennen tilaisuuden alkua vahvistettuun henkil\u00f6m\u00e4\u00e4r\u00e4\u00e4n kuitenkin niin, ett\u00e4 mahdollisesti ylimenev\u00e4 osuus laskutetaan toteutuneen henkil\u00f6m\u00e4\u00e4r\u00e4n mukaan. Laskutus tapahtuu tilaisuuden j\u00e4lkeen. Maksuehto on 14 p\u00e4iv\u00e4\u00e4 netto. Viiv\u00e4styskorko on korkolainmukainen.<\/h6>\n<\/li>\n<li><i class=\"sui sui-star\" style=\"color:#3399ff\"><\/i> \n<h6>Mik\u00e4li varaus perutaan 14 &#8211; 8 vuorokautta ennen tilaisuutta, laskutamme 40 % tarjouksen loppusummasta. Mik\u00e4li varaus perutaan 7 &#8211; 4 vuorokautta ennen tilaisuutta, laskutamme 60 % tarjouksen loppusummasta Mik\u00e4li varaus perutaan 3-0 vuorokautta ennen tilaisuutta, laskutamme koko tilaisuuden tarjouksen mukaisesti.<\/h6>\n<\/li>\n<li><i class=\"sui sui-star\" style=\"color:#3399ff\"><\/i> \n<h6>Force Majeure \u2013tapaukset eli luonnonkatastrofit, lakko, tulipalo tai muut meist\u00e4 riippumattomat tavallisuudesta poikkeavat olosuhteet oikeuttavat Vapaaherranel\u00e4m\u00e4\u00e4 \u2013yrityksen peruuttamaan sopimusehdot ilman ennakkoilmoitusta tai korvausvelvollisuutta. Sama koskee my\u00f6s t\u00e4m\u00e4n sopimuksen toista osapuolta.<\/h6>\n<\/li>\n<\/ul>\n<\/div>\n<p>Esteen tullessa, tilaisuuden mahdollisesta siirt\u00e4misest\u00e4 toiseen ajankohtaan pyrit\u00e4\u00e4n sopimaan tapaus kohtaisesti.<\/p>\n<p><span style=\"color: #000000;\"><strong>Laskutusosoite:<\/strong><\/span><\/p>\n<p><span style=\"color: #000000;\"><strong>Vapaaherranel\u00e4m\u00e4\u00e4<\/strong><\/span><\/p>\n<p><span style=\"color: #000000;\"><strong>Kanariankuja 4 C, 00220 Helsinki<\/strong><\/span><\/p>\n<p><span style=\"color: #000000;\"><strong>Y-tunnus: 1911673-2<\/strong><\/span><\/p>\n<p><a href=\"https:\/\/www.artalli.fi\/artalli\/\">Takaisin etusivulle<\/a><\/p>\n","protected":false},"excerpt":{"rendered":"<p>Maksu- ja peruutusehdot yrityksille ja yhteis\u00f6ille Tarjouksen kokonaishinta sis\u00e4lt\u00e4\u00e4 ennalta sovitut tilat, tarjoilut, ruokailut, ohjelman mukaiset aktiviteetit ja muut mahdolliset &hellip; <a href=\"https:\/\/www.artalli.fi\/artalli\/maksu-ja-peruutusehdot-yrityksille-ja-yhteisoille\/\" class=\"more-link\">Continue reading <span class=\"screen-reader-text\">Maksu- ja peruutusehdot yrityksille ja yhteis\u00f6ille<\/span><\/a><\/p>\n","protected":false},"author":1,"featured_media":55,"parent":0,"menu_order":0,"comment_status":"closed","ping_status":"closed","template":"page-templates\/full-width.php","meta":{"_crdt_document":"","footnotes":""},"class_list":["post-231","page","type-page","status-publish","has-post-thumbnail","hentry"],"yoast_head":"<!-- This site is optimized with the Yoast SEO plugin v27.4 - https:\/\/yoast.com\/product\/yoast-seo-wordpress\/ -->\n<title>Maksu- ja peruutusehdot yrityksille ja yhteis\u00f6ille - Artalli<\/title>\n<meta name=\"description\" content=\"MAKSU- JA PERUUTUSEHDOT YRITYKSILLE JA YHTEIS\u00d6ILLE Tarjouksen kokonaishinta sis\u00e4lt\u00e4\u00e4 ennalta sovitut tilat, tarjoilut, ruokailut, ohjelman mukaiset aktiviteetit ja muut mahdolliset palvelut, ilmoitetulle henkil\u00f6 m\u00e4\u00e4r\u00e4lle laskettuna. Tarjous katsotaan hyv\u00e4ksytyksi, kun asiakas t\u00e4m\u00e4n s\u00e4hk\u00f6postitse meille vahvistaa.Lopullinen osallistujam\u00e4\u00e4r\u00e4 tulee ilmoittaa viimeist\u00e4\u00e4n 14 vuorokautta ennen tilaisuutta. Mik\u00e4li n\u00e4m\u00e4 vahvistetut palvelut muuttavat tarjouksen loppusummaa yli + \/ - 15 % , niin pid\u00e4t\u00e4mme oikeuden uuden tarjouksen laatimiseen t\u00e4m\u00e4n pohjalta. 14 vuorokautta ennen tilaisuutta tehdyn vahvistuksen j\u00e4lkeen teht\u00e4v\u00e4t muutokset laskutetaan seuraavasti:Henkil\u00f6m\u00e4\u00e4r\u00e4perusteinen laskutus perustuu v\u00e4hint\u00e4\u00e4n 14 vuorokautta ennen tilaisuuden alkua vahvistettuun henkil\u00f6m\u00e4\u00e4r\u00e4\u00e4n kuitenkin niin, ett\u00e4 mahdollisesti ylimenev\u00e4 osuus laskutetaan toteutuneen henkil\u00f6m\u00e4\u00e4r\u00e4n mukaan. Laskutus tapahtuu tilaisuuden j\u00e4lkeen. Maksuehto on 14 p\u00e4iv\u00e4\u00e4 netto. Viiv\u00e4styskorko on korkolainmukainen.Mik\u00e4li varaus perutaan 14 - 8 vuorokautta ennen tilaisuutta, laskutamme 40 % tarjouksen loppusummasta. Mik\u00e4li varaus perutaan 7 - 4 vuorokautta ennen tilaisuutta, laskutamme 60 % tarjouksen loppusummasta Mik\u00e4li varaus perutaan 3-0 vuorokautta ennen tilaisuutta, laskutamme koko tilaisuuden tarjouksen mukaisesti. Force Majeure \u2013tapaukset eli luonnonkatastrofit, lakko, tulipalo tai muut meist\u00e4 riippumattomat tavallisuudesta poikkeavat olosuhteet oikeuttavat Vapaaherranel\u00e4m\u00e4\u00e4 \u2013yrityksen peruuttamaan sopimusehdot ilman ennakkoilmoitusta tai korvausvelvollisuutta. Sama koskee my\u00f6s t\u00e4m\u00e4n sopimuksen toista osapuolta. Esteen tullessa, tilaisuuden mahdollisesta siirt\u00e4misest\u00e4 toiseen ajankohtaan pyrit\u00e4\u00e4n sopimaan tapaus kohtaisesti.\" \/>\n<meta name=\"robots\" content=\"index, follow, max-snippet:-1, max-image-preview:large, max-video-preview:-1\" \/>\n<link rel=\"canonical\" href=\"https:\/\/www.artalli.fi\/artalli\/maksu-ja-peruutusehdot-yrityksille-ja-yhteisoille\/\" \/>\n<meta property=\"og:locale\" content=\"en_US\" \/>\n<meta property=\"og:type\" content=\"article\" \/>\n<meta property=\"og:title\" content=\"Maksu- ja peruutusehdot yrityksille ja yhteis\u00f6ille - Artalli\" \/>\n<meta property=\"og:description\" content=\"MAKSU- JA PERUUTUSEHDOT YRITYKSILLE JA YHTEIS\u00d6ILLE Tarjouksen kokonaishinta sis\u00e4lt\u00e4\u00e4 ennalta sovitut tilat, tarjoilut, ruokailut, ohjelman mukaiset aktiviteetit ja muut mahdolliset palvelut, ilmoitetulle henkil\u00f6 m\u00e4\u00e4r\u00e4lle laskettuna. Tarjous katsotaan hyv\u00e4ksytyksi, kun asiakas t\u00e4m\u00e4n s\u00e4hk\u00f6postitse meille vahvistaa.Lopullinen osallistujam\u00e4\u00e4r\u00e4 tulee ilmoittaa viimeist\u00e4\u00e4n 14 vuorokautta ennen tilaisuutta. Mik\u00e4li n\u00e4m\u00e4 vahvistetut palvelut muuttavat tarjouksen loppusummaa yli + \/ - 15 % , niin pid\u00e4t\u00e4mme oikeuden uuden tarjouksen laatimiseen t\u00e4m\u00e4n pohjalta. 14 vuorokautta ennen tilaisuutta tehdyn vahvistuksen j\u00e4lkeen teht\u00e4v\u00e4t muutokset laskutetaan seuraavasti:Henkil\u00f6m\u00e4\u00e4r\u00e4perusteinen laskutus perustuu v\u00e4hint\u00e4\u00e4n 14 vuorokautta ennen tilaisuuden alkua vahvistettuun henkil\u00f6m\u00e4\u00e4r\u00e4\u00e4n kuitenkin niin, ett\u00e4 mahdollisesti ylimenev\u00e4 osuus laskutetaan toteutuneen henkil\u00f6m\u00e4\u00e4r\u00e4n mukaan. Laskutus tapahtuu tilaisuuden j\u00e4lkeen. Maksuehto on 14 p\u00e4iv\u00e4\u00e4 netto. Viiv\u00e4styskorko on korkolainmukainen.Mik\u00e4li varaus perutaan 14 - 8 vuorokautta ennen tilaisuutta, laskutamme 40 % tarjouksen loppusummasta. Mik\u00e4li varaus perutaan 7 - 4 vuorokautta ennen tilaisuutta, laskutamme 60 % tarjouksen loppusummasta Mik\u00e4li varaus perutaan 3-0 vuorokautta ennen tilaisuutta, laskutamme koko tilaisuuden tarjouksen mukaisesti. Force Majeure \u2013tapaukset eli luonnonkatastrofit, lakko, tulipalo tai muut meist\u00e4 riippumattomat tavallisuudesta poikkeavat olosuhteet oikeuttavat Vapaaherranel\u00e4m\u00e4\u00e4 \u2013yrityksen peruuttamaan sopimusehdot ilman ennakkoilmoitusta tai korvausvelvollisuutta. Sama koskee my\u00f6s t\u00e4m\u00e4n sopimuksen toista osapuolta. Esteen tullessa, tilaisuuden mahdollisesta siirt\u00e4misest\u00e4 toiseen ajankohtaan pyrit\u00e4\u00e4n sopimaan tapaus kohtaisesti.\" \/>\n<meta property=\"og:url\" content=\"https:\/\/www.artalli.fi\/artalli\/maksu-ja-peruutusehdot-yrityksille-ja-yhteisoille\/\" \/>\n<meta property=\"og:site_name\" content=\"Artalli\" \/>\n<meta property=\"article:publisher\" content=\"https:\/\/www.facebook.com\/artalli.fi\" \/>\n<meta property=\"article:modified_time\" content=\"2022-09-21T12:53:50+00:00\" \/>\n<meta property=\"og:image\" content=\"https:\/\/www.artalli.fi\/artalli\/wp-content\/uploads\/2022\/08\/vapaaherranelamaa_com_7.jpg\" \/>\n\t<meta property=\"og:image:width\" content=\"1111\" \/>\n\t<meta property=\"og:image:height\" content=\"226\" \/>\n\t<meta property=\"og:image:type\" content=\"image\/jpeg\" \/>\n<meta name=\"twitter:card\" content=\"summary_large_image\" \/>\n<meta name=\"twitter:label1\" content=\"Est. reading time\" \/>\n\t<meta name=\"twitter:data1\" content=\"1 minute\" \/>\n<script type=\"application\/ld+json\" class=\"yoast-schema-graph\">{\"@context\":\"https:\\\/\\\/schema.org\",\"@graph\":[{\"@type\":\"WebPage\",\"@id\":\"https:\\\/\\\/www.artalli.fi\\\/artalli\\\/maksu-ja-peruutusehdot-yrityksille-ja-yhteisoille\\\/\",\"url\":\"https:\\\/\\\/www.artalli.fi\\\/artalli\\\/maksu-ja-peruutusehdot-yrityksille-ja-yhteisoille\\\/\",\"name\":\"Maksu- ja peruutusehdot yrityksille ja yhteis\u00f6ille - Artalli\",\"isPartOf\":{\"@id\":\"https:\\\/\\\/www.artalli.fi\\\/artalli\\\/#website\"},\"primaryImageOfPage\":{\"@id\":\"https:\\\/\\\/www.artalli.fi\\\/artalli\\\/maksu-ja-peruutusehdot-yrityksille-ja-yhteisoille\\\/#primaryimage\"},\"image\":{\"@id\":\"https:\\\/\\\/www.artalli.fi\\\/artalli\\\/maksu-ja-peruutusehdot-yrityksille-ja-yhteisoille\\\/#primaryimage\"},\"thumbnailUrl\":\"https:\\\/\\\/www.artalli.fi\\\/artalli\\\/wp-content\\\/uploads\\\/2022\\\/08\\\/vapaaherranelamaa_com_7.jpg\",\"datePublished\":\"2022-09-21T12:52:56+00:00\",\"dateModified\":\"2022-09-21T12:53:50+00:00\",\"description\":\"MAKSU- JA PERUUTUSEHDOT YRITYKSILLE JA YHTEIS\u00d6ILLE Tarjouksen kokonaishinta sis\u00e4lt\u00e4\u00e4 ennalta sovitut tilat, tarjoilut, ruokailut, ohjelman mukaiset aktiviteetit ja muut mahdolliset palvelut, ilmoitetulle henkil\u00f6 m\u00e4\u00e4r\u00e4lle laskettuna. Tarjous katsotaan hyv\u00e4ksytyksi, kun asiakas t\u00e4m\u00e4n s\u00e4hk\u00f6postitse meille vahvistaa.Lopullinen osallistujam\u00e4\u00e4r\u00e4 tulee ilmoittaa viimeist\u00e4\u00e4n 14 vuorokautta ennen tilaisuutta. Mik\u00e4li n\u00e4m\u00e4 vahvistetut palvelut muuttavat tarjouksen loppusummaa yli + \\\/ - 15 % , niin pid\u00e4t\u00e4mme oikeuden uuden tarjouksen laatimiseen t\u00e4m\u00e4n pohjalta. 14 vuorokautta ennen tilaisuutta tehdyn vahvistuksen j\u00e4lkeen teht\u00e4v\u00e4t muutokset laskutetaan seuraavasti:Henkil\u00f6m\u00e4\u00e4r\u00e4perusteinen laskutus perustuu v\u00e4hint\u00e4\u00e4n 14 vuorokautta ennen tilaisuuden alkua vahvistettuun henkil\u00f6m\u00e4\u00e4r\u00e4\u00e4n kuitenkin niin, ett\u00e4 mahdollisesti ylimenev\u00e4 osuus laskutetaan toteutuneen henkil\u00f6m\u00e4\u00e4r\u00e4n mukaan. Laskutus tapahtuu tilaisuuden j\u00e4lkeen. Maksuehto on 14 p\u00e4iv\u00e4\u00e4 netto. Viiv\u00e4styskorko on korkolainmukainen.Mik\u00e4li varaus perutaan 14 - 8 vuorokautta ennen tilaisuutta, laskutamme 40 % tarjouksen loppusummasta. Mik\u00e4li varaus perutaan 7 - 4 vuorokautta ennen tilaisuutta, laskutamme 60 % tarjouksen loppusummasta Mik\u00e4li varaus perutaan 3-0 vuorokautta ennen tilaisuutta, laskutamme koko tilaisuuden tarjouksen mukaisesti. Force Majeure \u2013tapaukset eli luonnonkatastrofit, lakko, tulipalo tai muut meist\u00e4 riippumattomat tavallisuudesta poikkeavat olosuhteet oikeuttavat Vapaaherranel\u00e4m\u00e4\u00e4 \u2013yrityksen peruuttamaan sopimusehdot ilman ennakkoilmoitusta tai korvausvelvollisuutta. Sama koskee my\u00f6s t\u00e4m\u00e4n sopimuksen toista osapuolta. Esteen tullessa, tilaisuuden mahdollisesta siirt\u00e4misest\u00e4 toiseen ajankohtaan pyrit\u00e4\u00e4n sopimaan tapaus kohtaisesti.\",\"breadcrumb\":{\"@id\":\"https:\\\/\\\/www.artalli.fi\\\/artalli\\\/maksu-ja-peruutusehdot-yrityksille-ja-yhteisoille\\\/#breadcrumb\"},\"inLanguage\":\"en-US\",\"potentialAction\":[{\"@type\":\"ReadAction\",\"target\":[\"https:\\\/\\\/www.artalli.fi\\\/artalli\\\/maksu-ja-peruutusehdot-yrityksille-ja-yhteisoille\\\/\"]}]},{\"@type\":\"ImageObject\",\"inLanguage\":\"en-US\",\"@id\":\"https:\\\/\\\/www.artalli.fi\\\/artalli\\\/maksu-ja-peruutusehdot-yrityksille-ja-yhteisoille\\\/#primaryimage\",\"url\":\"https:\\\/\\\/www.artalli.fi\\\/artalli\\\/wp-content\\\/uploads\\\/2022\\\/08\\\/vapaaherranelamaa_com_7.jpg\",\"contentUrl\":\"https:\\\/\\\/www.artalli.fi\\\/artalli\\\/wp-content\\\/uploads\\\/2022\\\/08\\\/vapaaherranelamaa_com_7.jpg\",\"width\":1111,\"height\":226},{\"@type\":\"BreadcrumbList\",\"@id\":\"https:\\\/\\\/www.artalli.fi\\\/artalli\\\/maksu-ja-peruutusehdot-yrityksille-ja-yhteisoille\\\/#breadcrumb\",\"itemListElement\":[{\"@type\":\"ListItem\",\"position\":1,\"name\":\"Home\",\"item\":\"https:\\\/\\\/www.artalli.fi\\\/artalli\\\/\"},{\"@type\":\"ListItem\",\"position\":2,\"name\":\"Maksu- ja peruutusehdot yrityksille ja yhteis\u00f6ille\"}]},{\"@type\":\"WebSite\",\"@id\":\"https:\\\/\\\/www.artalli.fi\\\/artalli\\\/#website\",\"url\":\"https:\\\/\\\/www.artalli.fi\\\/artalli\\\/\",\"name\":\"Artalli\",\"description\":\"Huikeat puiteet kokousp\u00e4iville ja muille yritystapahtumille!\",\"publisher\":{\"@id\":\"https:\\\/\\\/www.artalli.fi\\\/artalli\\\/#organization\"},\"potentialAction\":[{\"@type\":\"SearchAction\",\"target\":{\"@type\":\"EntryPoint\",\"urlTemplate\":\"https:\\\/\\\/www.artalli.fi\\\/artalli\\\/?s={search_term_string}\"},\"query-input\":{\"@type\":\"PropertyValueSpecification\",\"valueRequired\":true,\"valueName\":\"search_term_string\"}}],\"inLanguage\":\"en-US\"},{\"@type\":\"Organization\",\"@id\":\"https:\\\/\\\/www.artalli.fi\\\/artalli\\\/#organization\",\"name\":\"Artalli\",\"url\":\"https:\\\/\\\/www.artalli.fi\\\/artalli\\\/\",\"logo\":{\"@type\":\"ImageObject\",\"inLanguage\":\"en-US\",\"@id\":\"https:\\\/\\\/www.artalli.fi\\\/artalli\\\/#\\\/schema\\\/logo\\\/image\\\/\",\"url\":\"https:\\\/\\\/www.artalli.fi\\\/artalli\\\/wp-content\\\/uploads\\\/2022\\\/09\\\/Artalli_logo.png\",\"contentUrl\":\"https:\\\/\\\/www.artalli.fi\\\/artalli\\\/wp-content\\\/uploads\\\/2022\\\/09\\\/Artalli_logo.png\",\"width\":135,\"height\":55,\"caption\":\"Artalli\"},\"image\":{\"@id\":\"https:\\\/\\\/www.artalli.fi\\\/artalli\\\/#\\\/schema\\\/logo\\\/image\\\/\"},\"sameAs\":[\"https:\\\/\\\/www.facebook.com\\\/artalli.fi\"]}]}<\/script>\n<!-- \/ Yoast SEO plugin. -->","yoast_head_json":{"title":"Maksu- ja peruutusehdot yrityksille ja yhteis\u00f6ille - Artalli","description":"MAKSU- JA PERUUTUSEHDOT YRITYKSILLE JA YHTEIS\u00d6ILLE Tarjouksen kokonaishinta sis\u00e4lt\u00e4\u00e4 ennalta sovitut tilat, tarjoilut, ruokailut, ohjelman mukaiset aktiviteetit ja muut mahdolliset palvelut, ilmoitetulle henkil\u00f6 m\u00e4\u00e4r\u00e4lle laskettuna. Tarjous katsotaan hyv\u00e4ksytyksi, kun asiakas t\u00e4m\u00e4n s\u00e4hk\u00f6postitse meille vahvistaa.Lopullinen osallistujam\u00e4\u00e4r\u00e4 tulee ilmoittaa viimeist\u00e4\u00e4n 14 vuorokautta ennen tilaisuutta. Mik\u00e4li n\u00e4m\u00e4 vahvistetut palvelut muuttavat tarjouksen loppusummaa yli + \/ - 15 % , niin pid\u00e4t\u00e4mme oikeuden uuden tarjouksen laatimiseen t\u00e4m\u00e4n pohjalta. 14 vuorokautta ennen tilaisuutta tehdyn vahvistuksen j\u00e4lkeen teht\u00e4v\u00e4t muutokset laskutetaan seuraavasti:Henkil\u00f6m\u00e4\u00e4r\u00e4perusteinen laskutus perustuu v\u00e4hint\u00e4\u00e4n 14 vuorokautta ennen tilaisuuden alkua vahvistettuun henkil\u00f6m\u00e4\u00e4r\u00e4\u00e4n kuitenkin niin, ett\u00e4 mahdollisesti ylimenev\u00e4 osuus laskutetaan toteutuneen henkil\u00f6m\u00e4\u00e4r\u00e4n mukaan. Laskutus tapahtuu tilaisuuden j\u00e4lkeen. Maksuehto on 14 p\u00e4iv\u00e4\u00e4 netto. Viiv\u00e4styskorko on korkolainmukainen.Mik\u00e4li varaus perutaan 14 - 8 vuorokautta ennen tilaisuutta, laskutamme 40 % tarjouksen loppusummasta. Mik\u00e4li varaus perutaan 7 - 4 vuorokautta ennen tilaisuutta, laskutamme 60 % tarjouksen loppusummasta Mik\u00e4li varaus perutaan 3-0 vuorokautta ennen tilaisuutta, laskutamme koko tilaisuuden tarjouksen mukaisesti. Force Majeure \u2013tapaukset eli luonnonkatastrofit, lakko, tulipalo tai muut meist\u00e4 riippumattomat tavallisuudesta poikkeavat olosuhteet oikeuttavat Vapaaherranel\u00e4m\u00e4\u00e4 \u2013yrityksen peruuttamaan sopimusehdot ilman ennakkoilmoitusta tai korvausvelvollisuutta. Sama koskee my\u00f6s t\u00e4m\u00e4n sopimuksen toista osapuolta. Esteen tullessa, tilaisuuden mahdollisesta siirt\u00e4misest\u00e4 toiseen ajankohtaan pyrit\u00e4\u00e4n sopimaan tapaus kohtaisesti.","robots":{"index":"index","follow":"follow","max-snippet":"max-snippet:-1","max-image-preview":"max-image-preview:large","max-video-preview":"max-video-preview:-1"},"canonical":"https:\/\/www.artalli.fi\/artalli\/maksu-ja-peruutusehdot-yrityksille-ja-yhteisoille\/","og_locale":"en_US","og_type":"article","og_title":"Maksu- ja peruutusehdot yrityksille ja yhteis\u00f6ille - Artalli","og_description":"MAKSU- JA PERUUTUSEHDOT YRITYKSILLE JA YHTEIS\u00d6ILLE Tarjouksen kokonaishinta sis\u00e4lt\u00e4\u00e4 ennalta sovitut tilat, tarjoilut, ruokailut, ohjelman mukaiset aktiviteetit ja muut mahdolliset palvelut, ilmoitetulle henkil\u00f6 m\u00e4\u00e4r\u00e4lle laskettuna. Tarjous katsotaan hyv\u00e4ksytyksi, kun asiakas t\u00e4m\u00e4n s\u00e4hk\u00f6postitse meille vahvistaa.Lopullinen osallistujam\u00e4\u00e4r\u00e4 tulee ilmoittaa viimeist\u00e4\u00e4n 14 vuorokautta ennen tilaisuutta. Mik\u00e4li n\u00e4m\u00e4 vahvistetut palvelut muuttavat tarjouksen loppusummaa yli + \/ - 15 % , niin pid\u00e4t\u00e4mme oikeuden uuden tarjouksen laatimiseen t\u00e4m\u00e4n pohjalta. 14 vuorokautta ennen tilaisuutta tehdyn vahvistuksen j\u00e4lkeen teht\u00e4v\u00e4t muutokset laskutetaan seuraavasti:Henkil\u00f6m\u00e4\u00e4r\u00e4perusteinen laskutus perustuu v\u00e4hint\u00e4\u00e4n 14 vuorokautta ennen tilaisuuden alkua vahvistettuun henkil\u00f6m\u00e4\u00e4r\u00e4\u00e4n kuitenkin niin, ett\u00e4 mahdollisesti ylimenev\u00e4 osuus laskutetaan toteutuneen henkil\u00f6m\u00e4\u00e4r\u00e4n mukaan. Laskutus tapahtuu tilaisuuden j\u00e4lkeen. Maksuehto on 14 p\u00e4iv\u00e4\u00e4 netto. Viiv\u00e4styskorko on korkolainmukainen.Mik\u00e4li varaus perutaan 14 - 8 vuorokautta ennen tilaisuutta, laskutamme 40 % tarjouksen loppusummasta. Mik\u00e4li varaus perutaan 7 - 4 vuorokautta ennen tilaisuutta, laskutamme 60 % tarjouksen loppusummasta Mik\u00e4li varaus perutaan 3-0 vuorokautta ennen tilaisuutta, laskutamme koko tilaisuuden tarjouksen mukaisesti. Force Majeure \u2013tapaukset eli luonnonkatastrofit, lakko, tulipalo tai muut meist\u00e4 riippumattomat tavallisuudesta poikkeavat olosuhteet oikeuttavat Vapaaherranel\u00e4m\u00e4\u00e4 \u2013yrityksen peruuttamaan sopimusehdot ilman ennakkoilmoitusta tai korvausvelvollisuutta. Sama koskee my\u00f6s t\u00e4m\u00e4n sopimuksen toista osapuolta. Esteen tullessa, tilaisuuden mahdollisesta siirt\u00e4misest\u00e4 toiseen ajankohtaan pyrit\u00e4\u00e4n sopimaan tapaus kohtaisesti.","og_url":"https:\/\/www.artalli.fi\/artalli\/maksu-ja-peruutusehdot-yrityksille-ja-yhteisoille\/","og_site_name":"Artalli","article_publisher":"https:\/\/www.facebook.com\/artalli.fi","article_modified_time":"2022-09-21T12:53:50+00:00","og_image":[{"width":1111,"height":226,"url":"https:\/\/www.artalli.fi\/artalli\/wp-content\/uploads\/2022\/08\/vapaaherranelamaa_com_7.jpg","type":"image\/jpeg"}],"twitter_card":"summary_large_image","twitter_misc":{"Est. reading time":"1 minute"},"schema":{"@context":"https:\/\/schema.org","@graph":[{"@type":"WebPage","@id":"https:\/\/www.artalli.fi\/artalli\/maksu-ja-peruutusehdot-yrityksille-ja-yhteisoille\/","url":"https:\/\/www.artalli.fi\/artalli\/maksu-ja-peruutusehdot-yrityksille-ja-yhteisoille\/","name":"Maksu- ja peruutusehdot yrityksille ja yhteis\u00f6ille - Artalli","isPartOf":{"@id":"https:\/\/www.artalli.fi\/artalli\/#website"},"primaryImageOfPage":{"@id":"https:\/\/www.artalli.fi\/artalli\/maksu-ja-peruutusehdot-yrityksille-ja-yhteisoille\/#primaryimage"},"image":{"@id":"https:\/\/www.artalli.fi\/artalli\/maksu-ja-peruutusehdot-yrityksille-ja-yhteisoille\/#primaryimage"},"thumbnailUrl":"https:\/\/www.artalli.fi\/artalli\/wp-content\/uploads\/2022\/08\/vapaaherranelamaa_com_7.jpg","datePublished":"2022-09-21T12:52:56+00:00","dateModified":"2022-09-21T12:53:50+00:00","description":"MAKSU- JA PERUUTUSEHDOT YRITYKSILLE JA YHTEIS\u00d6ILLE Tarjouksen kokonaishinta sis\u00e4lt\u00e4\u00e4 ennalta sovitut tilat, tarjoilut, ruokailut, ohjelman mukaiset aktiviteetit ja muut mahdolliset palvelut, ilmoitetulle henkil\u00f6 m\u00e4\u00e4r\u00e4lle laskettuna. Tarjous katsotaan hyv\u00e4ksytyksi, kun asiakas t\u00e4m\u00e4n s\u00e4hk\u00f6postitse meille vahvistaa.Lopullinen osallistujam\u00e4\u00e4r\u00e4 tulee ilmoittaa viimeist\u00e4\u00e4n 14 vuorokautta ennen tilaisuutta. Mik\u00e4li n\u00e4m\u00e4 vahvistetut palvelut muuttavat tarjouksen loppusummaa yli + \/ - 15 % , niin pid\u00e4t\u00e4mme oikeuden uuden tarjouksen laatimiseen t\u00e4m\u00e4n pohjalta. 14 vuorokautta ennen tilaisuutta tehdyn vahvistuksen j\u00e4lkeen teht\u00e4v\u00e4t muutokset laskutetaan seuraavasti:Henkil\u00f6m\u00e4\u00e4r\u00e4perusteinen laskutus perustuu v\u00e4hint\u00e4\u00e4n 14 vuorokautta ennen tilaisuuden alkua vahvistettuun henkil\u00f6m\u00e4\u00e4r\u00e4\u00e4n kuitenkin niin, ett\u00e4 mahdollisesti ylimenev\u00e4 osuus laskutetaan toteutuneen henkil\u00f6m\u00e4\u00e4r\u00e4n mukaan. Laskutus tapahtuu tilaisuuden j\u00e4lkeen. Maksuehto on 14 p\u00e4iv\u00e4\u00e4 netto. Viiv\u00e4styskorko on korkolainmukainen.Mik\u00e4li varaus perutaan 14 - 8 vuorokautta ennen tilaisuutta, laskutamme 40 % tarjouksen loppusummasta. Mik\u00e4li varaus perutaan 7 - 4 vuorokautta ennen tilaisuutta, laskutamme 60 % tarjouksen loppusummasta Mik\u00e4li varaus perutaan 3-0 vuorokautta ennen tilaisuutta, laskutamme koko tilaisuuden tarjouksen mukaisesti. Force Majeure \u2013tapaukset eli luonnonkatastrofit, lakko, tulipalo tai muut meist\u00e4 riippumattomat tavallisuudesta poikkeavat olosuhteet oikeuttavat Vapaaherranel\u00e4m\u00e4\u00e4 \u2013yrityksen peruuttamaan sopimusehdot ilman ennakkoilmoitusta tai korvausvelvollisuutta. Sama koskee my\u00f6s t\u00e4m\u00e4n sopimuksen toista osapuolta. Esteen tullessa, tilaisuuden mahdollisesta siirt\u00e4misest\u00e4 toiseen ajankohtaan pyrit\u00e4\u00e4n sopimaan tapaus kohtaisesti.","breadcrumb":{"@id":"https:\/\/www.artalli.fi\/artalli\/maksu-ja-peruutusehdot-yrityksille-ja-yhteisoille\/#breadcrumb"},"inLanguage":"en-US","potentialAction":[{"@type":"ReadAction","target":["https:\/\/www.artalli.fi\/artalli\/maksu-ja-peruutusehdot-yrityksille-ja-yhteisoille\/"]}]},{"@type":"ImageObject","inLanguage":"en-US","@id":"https:\/\/www.artalli.fi\/artalli\/maksu-ja-peruutusehdot-yrityksille-ja-yhteisoille\/#primaryimage","url":"https:\/\/www.artalli.fi\/artalli\/wp-content\/uploads\/2022\/08\/vapaaherranelamaa_com_7.jpg","contentUrl":"https:\/\/www.artalli.fi\/artalli\/wp-content\/uploads\/2022\/08\/vapaaherranelamaa_com_7.jpg","width":1111,"height":226},{"@type":"BreadcrumbList","@id":"https:\/\/www.artalli.fi\/artalli\/maksu-ja-peruutusehdot-yrityksille-ja-yhteisoille\/#breadcrumb","itemListElement":[{"@type":"ListItem","position":1,"name":"Home","item":"https:\/\/www.artalli.fi\/artalli\/"},{"@type":"ListItem","position":2,"name":"Maksu- ja peruutusehdot yrityksille ja yhteis\u00f6ille"}]},{"@type":"WebSite","@id":"https:\/\/www.artalli.fi\/artalli\/#website","url":"https:\/\/www.artalli.fi\/artalli\/","name":"Artalli","description":"Huikeat puiteet kokousp\u00e4iville ja muille yritystapahtumille!","publisher":{"@id":"https:\/\/www.artalli.fi\/artalli\/#organization"},"potentialAction":[{"@type":"SearchAction","target":{"@type":"EntryPoint","urlTemplate":"https:\/\/www.artalli.fi\/artalli\/?s={search_term_string}"},"query-input":{"@type":"PropertyValueSpecification","valueRequired":true,"valueName":"search_term_string"}}],"inLanguage":"en-US"},{"@type":"Organization","@id":"https:\/\/www.artalli.fi\/artalli\/#organization","name":"Artalli","url":"https:\/\/www.artalli.fi\/artalli\/","logo":{"@type":"ImageObject","inLanguage":"en-US","@id":"https:\/\/www.artalli.fi\/artalli\/#\/schema\/logo\/image\/","url":"https:\/\/www.artalli.fi\/artalli\/wp-content\/uploads\/2022\/09\/Artalli_logo.png","contentUrl":"https:\/\/www.artalli.fi\/artalli\/wp-content\/uploads\/2022\/09\/Artalli_logo.png","width":135,"height":55,"caption":"Artalli"},"image":{"@id":"https:\/\/www.artalli.fi\/artalli\/#\/schema\/logo\/image\/"},"sameAs":["https:\/\/www.facebook.com\/artalli.fi"]}]}},"_links":{"self":[{"href":"https:\/\/www.artalli.fi\/artalli\/wp-json\/wp\/v2\/pages\/231","targetHints":{"allow":["GET"]}}],"collection":[{"href":"https:\/\/www.artalli.fi\/artalli\/wp-json\/wp\/v2\/pages"}],"about":[{"href":"https:\/\/www.artalli.fi\/artalli\/wp-json\/wp\/v2\/types\/page"}],"author":[{"embeddable":true,"href":"https:\/\/www.artalli.fi\/artalli\/wp-json\/wp\/v2\/users\/1"}],"replies":[{"embeddable":true,"href":"https:\/\/www.artalli.fi\/artalli\/wp-json\/wp\/v2\/comments?post=231"}],"version-history":[{"count":3,"href":"https:\/\/www.artalli.fi\/artalli\/wp-json\/wp\/v2\/pages\/231\/revisions"}],"predecessor-version":[{"id":234,"href":"https:\/\/www.artalli.fi\/artalli\/wp-json\/wp\/v2\/pages\/231\/revisions\/234"}],"wp:featuredmedia":[{"embeddable":true,"href":"https:\/\/www.artalli.fi\/artalli\/wp-json\/wp\/v2\/media\/55"}],"wp:attachment":[{"href":"https:\/\/www.artalli.fi\/artalli\/wp-json\/wp\/v2\/media?parent=231"}],"curies":[{"name":"wp","href":"https:\/\/api.w.org\/{rel}","templated":true}]}}